What is the remainder when (1 - k)*(6 - 4) is divided by 2?
0
Let p = 8 - 3. Suppose 4 = -p*l + 29. Suppose 0*g - l = -g. What is the remainder when 17 is divided by g?
2
Suppose 4*p - 17 = -5. Suppose p*x = -x - 8. Let u = 26 + x. What is the remainder when 46 is divided by u?
22
Let f = 113 + -110. Calculate the remainder when 73 is divided by f.
1
Let a be (-2)/(-2 + (-60)/(-27)). Suppose -2*y - 14 = -6. Let x = y - a. What is the remainder when 14 is divided by x?
4
Suppose 0 = 11*m - 0*m - 1672. What is the remainder when m is divided by 41?
29
Calculate the remainder when 449/13 + 240/520 is divided by (-76)/(-6) - 6/9.
11
Let k(c) = 212*c**2 - c. Let n be k(1). Suppose 5*j - n = -26. Calculate the remainder when j is divided by (-252)/(-20) + (-6)/(-45)*3.
11
Let k(r) = -r**2 + 6*r + 5. Suppose 7 = u - 1. Let s = u + 4. Calculate the remainder when s is divided by k(6).
2
Suppose -3*x = 2*x - 2*i - 202, i = 4*x - 161. Calculate the remainder when 319 is divided by x.
39
Let s = 88 + -59. Let o = -61 + 21. What is the remainder when 2074/18 + (o/36)/5 is divided by s?
28
Let p(s) = -139*s + 139*s + 7*s**2 + 1. What is the remainder when p(2) is divided by ((-44)/(-2))/(-2)*-1?
7
Suppose 5*s = 8*s - 9. Suppose 0 = s*m - u - 215, -m = 3*m + 5*u - 255. What is the remainder when m is divided by (0 - -15)*6/5?
16
Let l be (94/3)/(6/(-18)). Let z(u) = -u**2 + 34*u - 90. What is the remainder when l/(-14) + 2/7 is divided by z(31)?
1
Let z be -4 - (2 + 21) - 0. Calculate the remainder when z/(((-15)/35)/((-4)/(-14))) is divided by 10.
8
Let s = 14 + -11. What is the remainder when 78 is divided by 24 + ((-3)/3 - s)?
18
Let j(m) be the third derivative of m**4/12 - 3*m**3/2 + m**2. Let s = -2064 - -2080. What is the remainder when 45 is divided by j(s)?
22
Let q be (-176)/(-7) - 4/28. Suppose 3*z - 41 = q. Calculate the remainder when z is divided by 8.
6
Let j(s) = 0 - 2 - 2*s + 0 + 0. Let y be j(-6). Suppose y = 3*c + 2*z - 7, 4*z = -4*c + 16. What is the remainder when c is divided by 6?
3
Calculate the remainder when (-19 + 22)/(1/63) is divided by 32.
29
Suppose 0 = -3*w, k - w - 112 = -32. Calculate the remainder when 200 is divided by k.
40
Suppose 2*n - g - 24 = 4, 0 = 5*g. Calculate the remainder when 529 is divided by n.
11
Let r(l) = -2*l**3 + 29*l**2 - 39*l + 3. What is the remainder when 60 is divided by r(13)?
0
Let o = 3 - 0. Suppose -u = 3*t - 8, -6*u = -2*u + o*t - 68. Let n = 2022 - 1945. What is the remainder when n is divided by u?
17
Suppose u + 167 = 5*g + 59, -3*g = u - 68. Let s be 20 + (-2)/1 - 0. Let f = 25 + s. What is the remainder when f is divided by g?
21
Let a(m) = 2*m**2 + 7*m**2 - 2*m**2 + 4. Suppose -10 = 2*i, i = b + 5*i + 3. What is the remainder when a(-3) is divided by b?
16
Let w(c) = c**2 - 4*c - 4. Let b be w(6). Let f be 175/20 + 2/b. What is the remainder when 19 is divided by (30/(-9))/((-3)/f)?
9
Let n = 105 - 74. Let r(y) = -122*y + 1961. Calculate the remainder when n is divided by r(16).
4
Let g = 31 + 142. Calculate the remainder when g is divided by 59.
55
Suppose 0 = -5*c + 10, 1358 = 4*b - 3*c + 364. Calculate the remainder when b is divided by 57.
22
Suppose -3*c = -33 - 33. What is the remainder when (-24013)/(-295) - (-10)/(-25) is divided by c?
15
Let s(i) be the first derivative of i**4/4 - i**3 - i**2/2 + 2*i + 2. Let v = 295 - 290. Calculate the remainder when s(4) is divided by v.
4
Let p(c) = 23*c - 115. Calculate the remainder when p(10) is divided by 29.
28
Suppose -14*m - 1189 = -43*m. Let w(s) = -s**2 + s - 2. Let t be w(2). Let p = 15 + t. Calculate the remainder when m is divided by p.
8
Suppose -1832 = -33*k + 25*k. What is the remainder when k is divided by 11?
9
Suppose 2*n - 27 = -31, 1954 = 2*c + n. What is the remainder when c is divided by 5?
3
Suppose 6*u - 159 = 195. Suppose 0 = -3*p - 12 + 48. Suppose -36 = -4*g + p. Calculate the remainder when u is divided by g.
11
Let w(q) = -10*q - 27. Calculate the remainder when w(-7) is divided by 15.
13
Let n(q) = -57*q + 1. Let v be n(-1). Suppose 0 = -r + 5*o + 25, 0 = 6*r - 2*r + o - v. Calculate the remainder when 102 is divided by r.
12
Suppose -2*g - 247 = -5*o - 5*g, -5*g = 3*o - 145. Let p(b) = b**2 + 4. Suppose 3*w - 4*y = -29, -2*y = -8 - 2. What is the remainder when o is divided by p(w)?
11
Let i(b) = b**2 - 4*b + 15. Suppose -18*n = -2679 + 897. Calculate the remainder when n is divided by i(6).
18
Let k = -2199 - -3141. What is the remainder when k is divided by 21?
18
Let l(u) = -u**3 + 4*u**2 + 15*u - 13. Suppose 4*g = g - 6, 0 = 2*o + 3*g - 6. What is the remainder when 24 is divided by l(o)?
4
Let s = 47 + -43. Suppose -2*i - 6 = 0, 2*c + 3*i + s = 9. Let k(z) = z**2 + 2*z - 8. Calculate the remainder when k(-6) is divided by c.
2
Let i = 336 - 236. Let b be (9/(-18))/((-1)/2). Calculate the remainder when i is divided by (-87 + 2/b)*(-8)/20.
32
Suppose 3 - 1 = -j, -v = 3*j + 4. Suppose 7*a - 2*a + 3*f - 19 = 0, -16 = -2*a - 4*f. Calculate the remainder when a is divided by v.
0
Let u(z) = -72*z**3 - 7*z**3 - 2*z + 2*z**2 + 4*z. Let a(c) = -10*c + 19. Let s be a(2). Calculate the remainder when u(s) is divided by 16.
15
Suppose 0 = -2*k + 4*k - 58. Calculate the remainder when 140 is divided by k.
24
Let v be (-84)/18*((-513)/6)/3. Suppose 2*n = 9*n - v. Calculate the remainder when 33 is divided by n.
14
Let n be (-1330)/(-56) + (-1)/(-4). What is the remainder when (4/(-6) - (-22)/n)*284 is divided by 9?
8
Let p(a) = 4*a - 4. Let f be p(6). Suppose -2*s - 10 + f = 0. Suppose 60 = 5*y + 5*q, 3*q = -3*y + 4*q + 56. Calculate the remainder when y is divided by s.
2
Suppose 43 = -6*i + 547. Let l = i + -42. Suppose 0 = -3*c + 3*x + 36, -4*x = -2*c + 3 + 15. Calculate the remainder when l is divided by c.
12
Suppose -75*t + 70*t + 415 = 0. Suppose -16 + 0 = -o - 2*y, -y - t = -3*o. Calculate the remainder when o is divided by 3.
2
Calculate the remainder when (-3080)/(-12) + (-1)/(-3) is divided by 43.
42
Let y be (-3)/(2 + 1) - 0. Suppose 11*k = 13*k - b - 48, -2*b + 104 = 4*k. Calculate the remainder when 76 + -1 + y - 2 is divided by k.
22
Suppose -k + 0*k + 3 = 0. Suppose -k*d + 3 = 2*h - 6, -2*h + d + 21 = 0. Let y = 11 - h. Calculate the remainder when 7 is divided by y.
1
Let h = 1471 + -1438. Calculate the remainder when h is divided by 3.
0
What is the remainder when (7 - (10 + -4)) + (26 - 1) is divided by 14?
12
Let h be (-206)/(-6) - (-23)/(-69). Suppose -h = -2*i - 2*m + 6*m, 5*i + 5*m = 25. Calculate the remainder when i is divided by 6.
3
Suppose 5*i - 460 = -18*i. What is the remainder when i is divided by 9?
2
Let f be (-5)/10 + 1 + 569/2. Suppose 0 = -0*h - 5*h + 25. Suppose h*z - f = -0*z. Calculate the remainder when z is divided by 15.
12
Suppose 25*i = 110*i - 3815 - 1200. Suppose -3*z = 5*s - 65, -2*z + 3 + 19 = -2*s. Let a = z + 0. Calculate the remainder when i is divided by a.
14
Let k(f) = f**3 - 6*f**2 - 10*f - 14. What is the remainder when 99 is divided by k(8)?
31
Suppose 0 = -2*p + 82 + 14. Let r = p - -26. Let q = -24 + 39. Calculate the remainder when r is divided by q.
14
Suppose 65*m - 58*m = 504. Calculate the remainder when 647 is divided by m.
71
Suppose 0 = 3*v + 16 + 5. Let t = 8 - v. What is the remainder when 40 is divided by t?
10
Let g(y) = y**3 - 9*y**2 - 319*y - 57. Let c = 8 - 5. Calculate the remainder when g(23) is divided by c.
0
Suppose -o = -s - 3, -2*o + 2*s = -s - 4. Suppose -2*g + 198 = -4*c, 3*c - 342 = -o*g + 2*g. Calculate the remainder when g is divided by 14.
11
What is the remainder when 1/((-16)/(-2250)) - 27/(-72) is divided by 13?
11
Let t be 3/(-2) + 23/2. Let u = t - -2. Let y(h) = -h**2 + 12*h + 10. What is the remainder when y(11) is divided by u?
9
Suppose -5*f - 11 = -2*b + 36, -9 = b + 4*f. Suppose -13*q + 580 = 16*q. Calculate the remainder when q is divided by b.
9
Suppose -4*z + 288 = 5*c - 569, -5*c = -5*z - 875. Calculate the remainder when c is divided by (1 - 6)*5*-1.
23
Let p be ((-3)/6)/(14/16 - 1). Let v = p - -4. What is the remainder when v is divided by 8?
0
Let o be -1 + (0 - 4/(-1)). Suppose -8*p + 10*p - 46 = 0. Calculate the remainder when p is divided by o + -1 - (7 + -10).
3
Let u = 70 + -10. Suppose 4*k - 3*m - 52 = 